
Is 590657 prime?
True
Is 1657 prime?
True
Is 215 prime?
False
Is 11545 prime?
False
Is 22339 a prime number?
False
Is 1361101 a prime number?
False
Is 227389 prime?
False
Is 80657 a composite number?
False
Is 734857 a prime number?
False
Is 36647 prime?
False
Is 7283 a prime number?
True
Is 810289 a prime number?
False
Is 2281165 a prime number?
False
Is 492871 composite?
False
Is 58771 prime?
True
Is 2099 a prime number?
True
Is 65179 a prime number?
True
Is 45317 a composite number?
False
Is 682139 a prime number?
False
Is 787 composite?
False
Is 13669 a composite number?
False
Is 1942307 a prime number?
True
Is 161921 prime?
True
Is 1171 prime?
True
Is 5223 composite?
True
Is 219689 a composite number?
False
Is 299567 prime?
True
Is 8197 a composite number?
True
Is 7039 prime?
True
Is 6121 prime?
True
Is 597539 prime?
True
Is 5617 composite?
True
Is 5951 composite?
True
Is 65479 prime?
True
Is 439189 prime?
False
Is 54601 prime?
True
Is 572593 a composite number?
True
Is 78133 a prime number?
False
Is 1320533 prime?
True
Is 127051 a composite number?
False
Is 12623 a composite number?
True
Is 8683 prime?
False
Is 1572029 a prime number?
True
Is 82931 composite?
True
Is 3794033 a prime number?
False
Is 8747 a composite number?
False
Is 644291 a prime number?
True
Is 412582 prime?
False
Is 393809 a prime number?
False
Is 95017 a composite number?
True
Is 1554799 composite?
True
Is 485269 a composite number?
True
Is 92737 composite?
False
Is 20021 prime?
True
Is 17891 a prime number?
True
Is 187613 composite?
True
Is 877069 a prime number?
False
Is 162821 a composite number?
False
Is 220153 composite?
True
Is 28397 a composite number?
True
Is 13859 composite?
False
Is 90121 prime?
True
Is 73571 a composite number?
False
Is 1242347 composite?
False
Is 54545 composite?
True
Is 29269 prime?
True
Is 2371 composite?
False
Is 11549 a prime number?
True
Is 125987 a composite number?
True
Is 22769 a prime number?
True
Is 483779 composite?
True
Is 887987 a prime number?
True
Is 19013 a prime number?
True
Is 173081 prime?
True
Is 71011 prime?
True
Is 4106 composite?
True
Is 9571 prime?
False
Is 25001 a composite number?
True
Is 22251 prime?
False
Is 79 a composite number?
False
Is 1139 composite?
True
Is 401087 a prime number?
True
Is 238499 prime?
True
Is 1973 prime?
True
Is 456763 a prime number?
True
Is 203713 a prime number?
True
Is 31601 composite?
False
Is 397 prime?
True
Is 123203 a prime number?
True
Is 5227 prime?
True
Is 221297 composite?
True
Is 40259 a composite number?
True
Is 12191 prime?
False
Is 11777 a composite number?
False
Is 704177 a prime number?
True
Is 120233 prime?
True
Is 67121 prime?
True
Is 46135 a prime number?
False
Is 163801 a prime number?
False
Is 2845279 prime?
True
Is 941 a composite number?
False
Is 6131 prime?
True
Is 104161 a prime number?
True
Is 102059 composite?
False
Is 7789 prime?
True
Is 484577 composite?
False
Is 50891 a composite number?
False
Is 247511 composite?
True
Is 59369 a composite number?
False
Is 11861 composite?
True
Is 223699 a composite number?
True
Is 631091 prime?
False
Is 4184557 composite?
True
Is 789397 composite?
True
Is 87479 composite?
True
Is 2234 composite?
True
Is 827439 prime?
False
Is 505633 composite?
False
Is 102821 prime?
False
Is 242303 composite?
True
Is 5513 a prime number?
False
Is 12181 prime?
False
Is 69841 prime?
False
Is 82653 prime?
False
Is 37379 a prime number?
True
Is 976289 a composite number?
True
Is 32497 a prime number?
True
Is 10687 a composite number?
False
Is 5045 composite?
True
Is 18587 a prime number?
True
Is 6997 a composite number?
False
Is 208189 prime?
True
Is 121963 a composite number?
False
Is 1151 a prime number?
True
Is 436197 prime?
False
Is 57621 prime?
False
Is 149861 prime?
True
Is 19567 a prime number?
False
Is 91898 a composite number?
True
Is 63617 a prime number?
True
Is 809 prime?
True
Is 5141 composite?
True
Is 2933 a prime number?
False
Is 25981 a composite number?
False
Is 863 a composite number?
False
Is 189889 a composite number?
True
Is 12301 a prime number?
True
Is 13499 a prime number?
True
Is 11549 prime?
True
Is 11093 a composite number?
False
Is 39803 prime?
False
Is 4397431 composite?
False
Is 3943 a prime number?
True
Is 74719 composite?
False
Is 47933 a prime number?
True
Is 378614 composite?
True
Is 22333 a composite number?
True
Is 20701 a composite number?
True
Is 88069 a composite number?
False
Is 1803943 a prime number?
False
Is 36187 a composite number?
False
Is 9661 a composite number?
False
Is 30421 a prime number?
False
Is 9181 composite?
False
Is 233639 prime?
False
Is 3622 a prime number?
False
Is 7367 composite?
True
Is 164713 composite?
True
Is 1046 prime?
False
Is 50833 prime?
True
Is 415229 a composite number?
True
Is 1617879 prime?
False
Is 3551 a prime number?
False
Is 33851 a prime number?
True
Is 151205 a composite number?
True
Is 48709 a composite number?
True
Is 1739 prime?
False
Is 1474633 a prime number?
True
Is 39089 composite?
False
Is 43123 a composite number?
True
Is 373291 a composite number?
False
Is 190507 prime?
True
Is 125969 composite?
True
Is 199009 prime?
False
Is 25013 prime?
True
Is 56983 composite?
False
Is 184409 a prime number?
True
Is 283865 a composite number?
True
Is 6343 a composite number?
False
Is 781481 a composite number?
False
Is 482539 composite?
False
Is 10265 prime?
False
Is 7355 a prime number?
False
Is 221029 prime?
False
Is 53759 composite?
False
Is 5435 composite?
True
Is 31121 composite?
False
Is 23699 prime?
False
Is 5953 a prime number?
True
Is 5557 a composite number?
False
Is 3300469 prime?
False
Is 791755 a composite number?
True
Is 50387 a prime number?
True
Is 6803 a prime number?
True
Is 48701 composite?
True
Is 47953 composite?
True
Is 13885 a prime number?
False
Is 18781 a prime number?
False
Is 23543 a prime number?
False
Is 74653 composite?
False
Is 67057 a composite number?
False
Is 314129 prime?
True
Is 64211 composite?
True
Is 1608821 composite?
False
Is 282797 a composite number?
False
Is 58043 a prime number?
True
Is 26099 a prime number?
True
Is 5129 prime?
False
Is 21961 composite?
False
Is 93289 a prime number?
False
Is 5998 a composite number?
True
Is 365437 prime?
False
Is 3239 a composite number?
True
Is 44009 composite?
True
Is 3334 a composite number?
True
Is 4757 prime?
False
Is 115 a prime number?
False
Is 354563 a prime number?
False
Is 24049 prime?
True
Is 86719 prime?
True
Is 123467 a prime number?
False
Is 398005 prime?
False
Is 15335 a prime number?
False
Is 689101 a composite number?
True
Is 3907 prime?
True
Is 99469 a prime number?
True
Is 136987 prime?
True
Is 97397 a prime number?
True
Is 361843 a prime number?
True
Is 34919 prime?
True
Is 850835 a prime number?
False
Is 74687 a composite number?
False
Is 186149 prime?
True
Is 13045 a composite number?
True
Is 24179 prime?
True
Is 10037 a prime number?
True
Is 7789 prime?
True
Is 141061 composite?
False
Is 106257 prime?
False
Is 38543 prime?
True
Is 909151 prime?
True
Is 135653 a prime number?
False
Is 180617 a composite number?
False
Is 7433 prime?
True
Is 22937 prime?
True
Is 10543 a composite number?
True
Is 3131 prime?
False
Is 28643 a composite number?
False
Is 7483 a composite number?
True
Is 312727 prime?
True
Is 273131 composite?
False
Is 123117 a prime number?
False
Is 2000903 prime?
True
Is 1522619 a composite number?
True
Is 2053 a prime number?
True
Is 20707 a composite number?
False
Is 209939 composite?
False
Is 466781 a prime number?
False
Is 33287 a composite number?
False
Is 12539 prime?
True
Is 179921 a composite number?
True
Is 56683 a prime number?
False
Is 263363 a composite number?
True
Is 6521 composite?
False
Is 114269 a prime number?
True
Is 124337 a composite number?
False
Is 4162571 composite?
True
Is 104471 composite?
False
Is 797 composite?
False
Is 11507 a prime number?
False
Is 71737 prime?
False
Is 58169 a composite number?
False
Is 2006737 a composite number?
True
Is 26242 a composite number?
True
Is 3785 a prime number?
False
Is 1733 a composite number?
False
Is 315461 composite?
False
Is 6583 a composite number?
True
Is 177277 a prime number?
False
Is 15947 a prime number?
False
Is 16462 a prime number?
False
Is 31121 composite?
False
Is 6911 prim